{"id":12,"date":"2024-06-19T09:32:48","date_gmt":"2024-06-19T09:32:48","guid":{"rendered":"https:\/\/elhornodezabalea.rkinformatika.online\/?page_id=12"},"modified":"2024-07-22T08:16:45","modified_gmt":"2024-07-22T08:16:45","slug":"servicios","status":"publish","type":"page","link":"https:\/\/elhornodezabalea.com\/eus\/servicios\/","title":{"rendered":"Zerbitzuak"},"content":{"rendered":"\t\t<div data-elementor-type=\"wp-page\" data-elementor-id=\"12\" class=\"elementor elementor-12\" data-elementor-post-type=\"page\">\n\t\t\t\t\t\t<section class=\"elementor-section elementor-top-section elementor-element elementor-element-01a748f elementor-section-boxed elementor-section-height-default elementor-section-height-default\" data-id=\"01a748f\" data-element_type=\"section\" data-e-type=\"section\" data-settings=\"{&quot;background_background&quot;:&quot;slideshow&quot;,&quot;background_slideshow_ken_burns&quot;:&quot;yes&quot;,&quot;background_slideshow_ken_burns_zoom_direction&quot;:&quot;out&quot;,&quot;background_slideshow_gallery&quot;:[{&quot;id&quot;:209,&quot;url&quot;:&quot;https:\\\/\\\/elhornodezabalea.com\\\/wp-content\\\/uploads\\\/2024\\\/06\\\/baker-man-making-dough-and-bakery-ingredients-for-homemade-bread-cooking-on-table-bakery-concept.jpg&quot;},{&quot;id&quot;:849,&quot;url&quot;:&quot;https:\\\/\\\/elhornodezabalea.com\\\/wp-content\\\/uploads\\\/2024\\\/06\\\/2.png&quot;},{&quot;id&quot;:851,&quot;url&quot;:&quot;https:\\\/\\\/elhornodezabalea.com\\\/wp-content\\\/uploads\\\/2024\\\/06\\\/4.png&quot;},{&quot;id&quot;:848,&quot;url&quot;:&quot;https:\\\/\\\/elhornodezabalea.com\\\/wp-content\\\/uploads\\\/2024\\\/06\\\/1.png&quot;},{&quot;id&quot;:856,&quot;url&quot;:&quot;https:\\\/\\\/elhornodezabalea.com\\\/wp-content\\\/uploads\\\/2024\\\/06\\\/9.png&quot;},{&quot;id&quot;:853,&quot;url&quot;:&quot;https:\\\/\\\/elhornodezabalea.com\\\/wp-content\\\/uploads\\\/2024\\\/06\\\/6.png&quot;}],&quot;background_slideshow_loop&quot;:&quot;yes&quot;,&quot;background_slideshow_slide_duration&quot;:5000,&quot;background_slideshow_slide_transition&quot;:&quot;fade&quot;,&quot;background_slideshow_transition_duration&quot;:500}\">\n\t\t\t\t\t\t\t<div class=\"elementor-background-overlay\"><\/div>\n\t\t\t\t\t\t\t<div class=\"elementor-container elementor-column-gap-default\">\n\t\t\t\t\t<div class=\"elementor-column elementor-col-100 elementor-top-column elementor-element elementor-element-a1da4fd\" data-id=\"a1da4fd\" data-element_type=\"column\" data-e-type=\"column\">\n\t\t\t<div class=\"elementor-widget-wrap elementor-element-populated\">\n\t\t\t\t\t\t<div class=\"elementor-element elementor-element-e809229 elementor-invisible elementor-widget elementor-widget-heading\" data-id=\"e809229\" data-element_type=\"widget\" data-e-type=\"widget\" data-settings=\"{&quot;_animation&quot;:&quot;zoomIn&quot;}\" data-widget_type=\"heading.default\">\n\t\t\t\t<div class=\"elementor-widget-container\">\n\t\t\t\t\t<h2 class=\"elementor-heading-title elementor-size-default\">SERVICIOs<\/h2>\t\t\t\t<\/div>\n\t\t\t\t<\/div>\n\t\t\t\t\t<\/div>\n\t\t<\/div>\n\t\t\t\t\t<\/div>\n\t\t<\/section>\n\t\t<div class=\"elementor-element elementor-element-7641f54 e-con-full e-flex e-con e-parent\" data-id=\"7641f54\" data-element_type=\"container\" data-e-type=\"container\" data-settings=\"{&quot;background_background&quot;:&quot;classic&quot;}\">\n\t\t<div class=\"elementor-element elementor-element-b6a7fc4 e-con-full e-flex e-con e-child\" data-id=\"b6a7fc4\" data-element_type=\"container\" data-e-type=\"container\">\n\t\t<div class=\"elementor-element elementor-element-5acd16df e-con-full e-flex e-con e-child\" data-id=\"5acd16df\" data-element_type=\"container\" data-e-type=\"container\">\n\t\t\t\t<div class=\"elementor-element elementor-element-cc7f13b elementor-widget elementor-widget-text-editor\" data-id=\"cc7f13b\" data-element_type=\"widget\" data-e-type=\"widget\" data-widget_type=\"text-editor.default\">\n\t\t\t\t<div class=\"elementor-widget-container\">\n\t\t\t\t\t\t\t\t\t<h1 class=\"western\">PAN<\/h1><ul><li>Pan artesanal hecho a mano con ingredientes frescos y naturales.<\/li><\/ul><ul><li>Opciones como pan de masa madre, pan integral, y baguettes.<\/li><\/ul>\t\t\t\t\t\t\t\t<\/div>\n\t\t\t\t<\/div>\n\t\t\t\t<\/div>\n\t\t<div class=\"elementor-element elementor-element-7eba42fd e-con-full e-flex e-con e-child\" data-id=\"7eba42fd\" data-element_type=\"container\" data-e-type=\"container\" data-settings=\"{&quot;background_background&quot;:&quot;classic&quot;}\">\n\t\t\t\t<\/div>\n\t\t\t\t<\/div>\n\t\t<div class=\"elementor-element elementor-element-78d745b3 e-con-full e-flex e-con e-child\" data-id=\"78d745b3\" data-element_type=\"container\" data-e-type=\"container\">\n\t\t<div class=\"elementor-element elementor-element-44f883b2 e-con-full e-flex e-con e-child\" data-id=\"44f883b2\" data-element_type=\"container\" data-e-type=\"container\">\n\t\t\t\t<div class=\"elementor-element elementor-element-28e9ae7 elementor-widget elementor-widget-text-editor\" data-id=\"28e9ae7\" data-element_type=\"widget\" data-e-type=\"widget\" data-widget_type=\"text-editor.default\">\n\t\t\t\t<div class=\"elementor-widget-container\">\n\t\t\t\t\t\t\t\t\t<h1 class=\"western\">Boller\u00eda<\/h1><ul><li>Deliciosos croissants, pain au chocolat y otros cl\u00e1sicos de la boller\u00eda francesa.<\/li><li>Croissants de almendra y otras opciones rellenas.<\/li><\/ul>\t\t\t\t\t\t\t\t<\/div>\n\t\t\t\t<\/div>\n\t\t\t\t<\/div>\n\t\t<div class=\"elementor-element elementor-element-3c03797f e-con-full e-flex e-con e-child\" data-id=\"3c03797f\" data-element_type=\"container\" data-e-type=\"container\" data-settings=\"{&quot;background_background&quot;:&quot;classic&quot;}\">\n\t\t\t\t<\/div>\n\t\t\t\t<\/div>\n\t\t<div class=\"elementor-element elementor-element-225cdcd2 e-con-full e-flex e-con e-child\" data-id=\"225cdcd2\" data-element_type=\"container\" data-e-type=\"container\">\n\t\t<div class=\"elementor-element elementor-element-6d7a5b18 e-con-full e-flex e-con e-child\" data-id=\"6d7a5b18\" data-element_type=\"container\" data-e-type=\"container\">\n\t\t\t\t<div class=\"elementor-element elementor-element-bb5799d elementor-widget elementor-widget-text-editor\" data-id=\"bb5799d\" data-element_type=\"widget\" data-e-type=\"widget\" data-widget_type=\"text-editor.default\">\n\t\t\t\t<div class=\"elementor-widget-container\">\n\t\t\t\t\t\t\t\t\t<h1 class=\"western\">Pasteler\u00eda<\/h1><ul><li>Exquisitos pasteles para todas las ocasiones: cumplea\u00f1os, bodas, aniversarios y m\u00e1s.<\/li><li>Tartas de frutas frescas, chocolate y opciones sin gluten.<\/li><\/ul>\t\t\t\t\t\t\t\t<\/div>\n\t\t\t\t<\/div>\n\t\t\t\t<\/div>\n\t\t<div class=\"elementor-element elementor-element-67badbc e-con-full e-flex e-con e-child\" data-id=\"67badbc\" data-element_type=\"container\" data-e-type=\"container\" data-settings=\"{&quot;background_background&quot;:&quot;classic&quot;}\">\n\t\t\t\t<\/div>\n\t\t\t\t<\/div>\n\t\t<div class=\"elementor-element elementor-element-147ddfc6 e-con-full e-flex e-con e-child\" data-id=\"147ddfc6\" data-element_type=\"container\" data-e-type=\"container\">\n\t\t<div class=\"elementor-element elementor-element-3444be69 e-con-full e-flex e-con e-child\" data-id=\"3444be69\" data-element_type=\"container\" data-e-type=\"container\">\n\t\t\t\t<div class=\"elementor-element elementor-element-f53ba06 elementor-widget elementor-widget-text-editor\" data-id=\"f53ba06\" data-element_type=\"widget\" data-e-type=\"widget\" data-widget_type=\"text-editor.default\">\n\t\t\t\t<div class=\"elementor-widget-container\">\n\t\t\t\t\t\t\t\t\t<h1 class=\"western\">Tartas\u00a0<\/h1><ul><li>Personaliza tu tarta para cualquier evento especial.<\/li><li>Amplia variedad de sabores y dise\u00f1os para elegir.<\/li><\/ul>\t\t\t\t\t\t\t\t<\/div>\n\t\t\t\t<\/div>\n\t\t\t\t<\/div>\n\t\t<div class=\"elementor-element elementor-element-723f9ce7 e-con-full e-flex e-con e-child\" data-id=\"723f9ce7\" data-element_type=\"container\" data-e-type=\"container\" data-settings=\"{&quot;background_background&quot;:&quot;classic&quot;}\">\n\t\t\t\t<\/div>\n\t\t\t\t<\/div>\n\t\t\t\t<\/div>\n\t\t<div class=\"elementor-element elementor-element-32e125c e-con-full e-flex e-con e-parent\" data-id=\"32e125c\" data-element_type=\"container\" data-e-type=\"container\" data-settings=\"{&quot;background_background&quot;:&quot;classic&quot;}\">\n\t\t<div class=\"elementor-element elementor-element-9650ae9 e-con-full e-flex e-con e-child\" data-id=\"9650ae9\" data-element_type=\"container\" data-e-type=\"container\">\n\t\t<div class=\"elementor-element elementor-element-eca3849 e-con-full e-flex e-con e-child\" data-id=\"eca3849\" data-element_type=\"container\" data-e-type=\"container\">\n\t\t\t\t<div class=\"elementor-element elementor-element-6cd46c2 elementor-widget elementor-widget-text-editor\" data-id=\"6cd46c2\" data-element_type=\"widget\" data-e-type=\"widget\" data-widget_type=\"text-editor.default\">\n\t\t\t\t<div class=\"elementor-widget-container\">\n\t\t\t\t\t\t\t\t\t<h1 class=\"western\">Bebidas<\/h1><ul><li><p><strong>Bebidas Alcoh\u00f3licas<\/strong><\/p><ul><li>Vinos seleccionados, cervezas artesanales.<\/li><\/ul><\/li><\/ul><ul><li><p><strong>Bebidas No Alcoh\u00f3licas<\/strong><\/p><ul><li>Jugos naturales, refrescos.<\/li><\/ul><\/li><\/ul>\t\t\t\t\t\t\t\t<\/div>\n\t\t\t\t<\/div>\n\t\t\t\t<\/div>\n\t\t<div class=\"elementor-element elementor-element-742103d e-con-full e-flex e-con e-child\" data-id=\"742103d\" data-element_type=\"container\" data-e-type=\"container\" data-settings=\"{&quot;background_background&quot;:&quot;classic&quot;}\">\n\t\t\t\t<\/div>\n\t\t\t\t<\/div>\n\t\t<div class=\"elementor-element elementor-element-2b3b135 e-con-full e-flex e-con e-child\" data-id=\"2b3b135\" data-element_type=\"container\" data-e-type=\"container\">\n\t\t<div class=\"elementor-element elementor-element-7d6bac4 e-con-full e-flex e-con e-child\" data-id=\"7d6bac4\" data-element_type=\"container\" data-e-type=\"container\">\n\t\t\t\t<div class=\"elementor-element elementor-element-ab28cff elementor-widget elementor-widget-text-editor\" data-id=\"ab28cff\" data-element_type=\"widget\" data-e-type=\"widget\" data-widget_type=\"text-editor.default\">\n\t\t\t\t<div class=\"elementor-widget-container\">\n\t\t\t\t\t\t\t\t\t<h1 class=\"western\">Alimentaci\u00f3n<\/h1><ul><li>Leche, huevos, mantequilla, y otros productos esenciales.<\/li><li>Art\u00edculos de despensa como arroz, pasta, y legumbres.<\/li><\/ul>\t\t\t\t\t\t\t\t<\/div>\n\t\t\t\t<\/div>\n\t\t\t\t<\/div>\n\t\t<div class=\"elementor-element elementor-element-3aae8c0 e-con-full e-flex e-con e-child\" data-id=\"3aae8c0\" data-element_type=\"container\" data-e-type=\"container\" data-settings=\"{&quot;background_background&quot;:&quot;classic&quot;}\">\n\t\t\t\t<\/div>\n\t\t\t\t<\/div>\n\t\t\t\t<\/div>\n\t\t\t\t<section class=\"elementor-section elementor-top-section elementor-element elementor-element-63312b6 elementor-section-full_width elementor-section-height-default elementor-section-height-default\" data-id=\"63312b6\" data-element_type=\"section\" data-e-type=\"section\" data-settings=\"{&quot;background_background&quot;:&quot;classic&quot;}\">\n\t\t\t\t\t\t\t<div class=\"elementor-background-overlay\"><\/div>\n\t\t\t\t\t\t\t<div class=\"elementor-container elementor-column-gap-default\">\n\t\t\t\t\t<div class=\"elementor-column elementor-col-100 elementor-top-column elementor-element elementor-element-83cb9cb elementor-invisible\" data-id=\"83cb9cb\" data-element_type=\"column\" data-e-type=\"column\" data-settings=\"{&quot;animation&quot;:&quot;fadeIn&quot;}\">\n\t\t\t<div class=\"elementor-widget-wrap elementor-element-populated\">\n\t\t\t\t\t\t<div class=\"elementor-element elementor-element-b4892aa elementor-widget-tablet__width-inherit elementor-widget elementor-widget-heading\" data-id=\"b4892aa\" data-element_type=\"widget\" data-e-type=\"widget\" data-widget_type=\"heading.default\">\n\t\t\t\t<div class=\"elementor-widget-container\">\n\t\t\t\t\t<h2 class=\"elementor-heading-title elementor-size-default\">\u00bfA\u00fan no has probado nuestras delicias?<\/h2>\t\t\t\t<\/div>\n\t\t\t\t<\/div>\n\t\t\t\t<div class=\"elementor-element elementor-element-8ecf817 elementor-widget__width-initial elementor-widget-tablet__width-inherit elementor-widget-mobile__width-initial elementor-widget elementor-widget-text-editor\" data-id=\"8ecf817\" data-element_type=\"widget\" data-e-type=\"widget\" data-widget_type=\"text-editor.default\">\n\t\t\t\t<div class=\"elementor-widget-container\">\n\t\t\t\t\t\t\t\t\t<p>\u00a1Tus antojos merecen lo mejor, ven a probarlo!<\/p>\t\t\t\t\t\t\t\t<\/div>\n\t\t\t\t<\/div>\n\t\t\t\t<div class=\"elementor-element elementor-element-c13571f elementor-align-center elementor-widget-tablet__width-inherit elementor-widget elementor-widget-button\" data-id=\"c13571f\" data-element_type=\"widget\" data-e-type=\"widget\" data-widget_type=\"button.default\">\n\t\t\t\t<div class=\"elementor-widget-container\">\n\t\t\t\t\t\t\t\t\t<div class=\"elementor-button-wrapper\">\n\t\t\t\t\t<a class=\"elementor-button elementor-button-link elementor-size-sm\" href=\"https:\/\/elhornodezabalea.com\/contacto\/\">\n\t\t\t\t\t\t<span class=\"elementor-button-content-wrapper\">\n\t\t\t\t\t\t\t\t\t<span class=\"elementor-button-text\">cont\u00e1ctanos<\/span>\n\t\t\t\t\t<\/span>\n\t\t\t\t\t<\/a>\n\t\t\t\t<\/div>\n\t\t\t\t\t\t\t\t<\/div>\n\t\t\t\t<\/div>\n\t\t\t\t\t<\/div>\n\t\t<\/div>\n\t\t\t\t\t<\/div>\n\t\t<\/section>\n\t\t\t\t<\/div>\n\t\t","protected":false},"excerpt":{"rendered":"<p>SERVICIOs PAN Pan artesanal hecho a mano con ingredientes frescos y naturales. Opciones como pan de masa madre, pan integral, y baguettes. Boller\u00eda Deliciosos croissants, pain au chocolat y otros cl\u00e1sicos de la boller\u00eda francesa. Croissants de almendra y otras opciones rellenas. Pasteler\u00eda Exquisitos pasteles para todas las ocasiones: cumplea\u00f1os, bodas, aniversarios y m\u00e1s. Tartas [&hellip;]<\/p>\n","protected":false},"author":1,"featured_media":0,"parent":0,"menu_order":0,"comment_status":"closed","ping_status":"closed","template":"elementor_canvas","meta":{"footnotes":""},"class_list":["post-12","page","type-page","status-publish","hentry"],"yoast_head":"<!-- This site is optimized with the Yoast SEO plugin v27.5 - https:\/\/yoast.com\/product\/yoast-seo-wordpress\/ -->\n<title>Servicios - El Horno de Zabalea<\/title>\n<meta name=\"robots\" content=\"index, follow, max-snippet:-1, max-image-preview:large, max-video-preview:-1\" \/>\n<link rel=\"canonical\" href=\"https:\/\/elhornodezabalea.com\/eus\/servicios\/\" \/>\n<meta property=\"og:locale\" content=\"en_US\" \/>\n<meta property=\"og:type\" content=\"article\" \/>\n<meta property=\"og:title\" content=\"Servicios - El Horno de Zabalea\" \/>\n<meta property=\"og:description\" content=\"SERVICIOs PAN Pan artesanal hecho a mano con ingredientes frescos y naturales. Opciones como pan de masa madre, pan integral, y baguettes. Boller\u00eda Deliciosos croissants, pain au chocolat y otros cl\u00e1sicos de la boller\u00eda francesa. Croissants de almendra y otras opciones rellenas. Pasteler\u00eda Exquisitos pasteles para todas las ocasiones: cumplea\u00f1os, bodas, aniversarios y m\u00e1s. Tartas [&hellip;]\" \/>\n<meta property=\"og:url\" content=\"https:\/\/elhornodezabalea.com\/eus\/servicios\/\" \/>\n<meta property=\"og:site_name\" content=\"El Horno de Zabalea\" \/>\n<meta property=\"article:modified_time\" content=\"2024-07-22T08:16:45+00:00\" \/>\n<meta name=\"twitter:card\" content=\"summary_large_image\" \/>\n<meta name=\"twitter:label1\" content=\"Est. reading time\" \/>\n\t<meta name=\"twitter:data1\" content=\"1 minutua\" \/>\n<script type=\"application\/ld+json\" class=\"yoast-schema-graph\">{\"@context\":\"https:\\\/\\\/schema.org\",\"@graph\":[{\"@type\":\"WebPage\",\"@id\":\"https:\\\/\\\/elhornodezabalea.com\\\/servicios\\\/\",\"url\":\"https:\\\/\\\/elhornodezabalea.com\\\/servicios\\\/\",\"name\":\"Servicios - El Horno de Zabalea\",\"isPartOf\":{\"@id\":\"https:\\\/\\\/elhornodezabalea.com\\\/#website\"},\"datePublished\":\"2024-06-19T09:32:48+00:00\",\"dateModified\":\"2024-07-22T08:16:45+00:00\",\"breadcrumb\":{\"@id\":\"https:\\\/\\\/elhornodezabalea.com\\\/servicios\\\/#breadcrumb\"},\"inLanguage\":\"eu\",\"potentialAction\":[{\"@type\":\"ReadAction\",\"target\":[\"https:\\\/\\\/elhornodezabalea.com\\\/servicios\\\/\"]}]},{\"@type\":\"BreadcrumbList\",\"@id\":\"https:\\\/\\\/elhornodezabalea.com\\\/servicios\\\/#breadcrumb\",\"itemListElement\":[{\"@type\":\"ListItem\",\"position\":1,\"name\":\"Portada\",\"item\":\"https:\\\/\\\/elhornodezabalea.com\\\/\"},{\"@type\":\"ListItem\",\"position\":2,\"name\":\"Servicios\"}]},{\"@type\":\"WebSite\",\"@id\":\"https:\\\/\\\/elhornodezabalea.com\\\/#website\",\"url\":\"https:\\\/\\\/elhornodezabalea.com\\\/\",\"name\":\"El Horno de Zabalea\",\"description\":\"\",\"publisher\":{\"@id\":\"https:\\\/\\\/elhornodezabalea.com\\\/#organization\"},\"potentialAction\":[{\"@type\":\"SearchAction\",\"target\":{\"@type\":\"EntryPoint\",\"urlTemplate\":\"https:\\\/\\\/elhornodezabalea.com\\\/?s={search_term_string}\"},\"query-input\":{\"@type\":\"PropertyValueSpecification\",\"valueRequired\":true,\"valueName\":\"search_term_string\"}}],\"inLanguage\":\"eu\"},{\"@type\":\"Organization\",\"@id\":\"https:\\\/\\\/elhornodezabalea.com\\\/#organization\",\"name\":\"El Horno de Zabalea\",\"url\":\"https:\\\/\\\/elhornodezabalea.com\\\/\",\"logo\":{\"@type\":\"ImageObject\",\"inLanguage\":\"eu\",\"@id\":\"https:\\\/\\\/elhornodezabalea.com\\\/#\\\/schema\\\/logo\\\/image\\\/\",\"url\":\"https:\\\/\\\/elhornodezabalea.com\\\/wp-content\\\/uploads\\\/2024\\\/06\\\/cropped-logo-removebg-preview-1.png\",\"contentUrl\":\"https:\\\/\\\/elhornodezabalea.com\\\/wp-content\\\/uploads\\\/2024\\\/06\\\/cropped-logo-removebg-preview-1.png\",\"width\":532,\"height\":332,\"caption\":\"El Horno de Zabalea\"},\"image\":{\"@id\":\"https:\\\/\\\/elhornodezabalea.com\\\/#\\\/schema\\\/logo\\\/image\\\/\"}}]}<\/script>\n<!-- \/ Yoast SEO plugin. -->","yoast_head_json":{"title":"Servicios - El Horno de Zabalea","robots":{"index":"index","follow":"follow","max-snippet":"max-snippet:-1","max-image-preview":"max-image-preview:large","max-video-preview":"max-video-preview:-1"},"canonical":"https:\/\/elhornodezabalea.com\/eus\/servicios\/","og_locale":"en_US","og_type":"article","og_title":"Servicios - El Horno de Zabalea","og_description":"SERVICIOs PAN Pan artesanal hecho a mano con ingredientes frescos y naturales. Opciones como pan de masa madre, pan integral, y baguettes. Boller\u00eda Deliciosos croissants, pain au chocolat y otros cl\u00e1sicos de la boller\u00eda francesa. Croissants de almendra y otras opciones rellenas. Pasteler\u00eda Exquisitos pasteles para todas las ocasiones: cumplea\u00f1os, bodas, aniversarios y m\u00e1s. Tartas [&hellip;]","og_url":"https:\/\/elhornodezabalea.com\/eus\/servicios\/","og_site_name":"El Horno de Zabalea","article_modified_time":"2024-07-22T08:16:45+00:00","twitter_card":"summary_large_image","twitter_misc":{"Est. reading time":"1 minutua"},"schema":{"@context":"https:\/\/schema.org","@graph":[{"@type":"WebPage","@id":"https:\/\/elhornodezabalea.com\/servicios\/","url":"https:\/\/elhornodezabalea.com\/servicios\/","name":"Servicios - El Horno de Zabalea","isPartOf":{"@id":"https:\/\/elhornodezabalea.com\/#website"},"datePublished":"2024-06-19T09:32:48+00:00","dateModified":"2024-07-22T08:16:45+00:00","breadcrumb":{"@id":"https:\/\/elhornodezabalea.com\/servicios\/#breadcrumb"},"inLanguage":"eu","potentialAction":[{"@type":"ReadAction","target":["https:\/\/elhornodezabalea.com\/servicios\/"]}]},{"@type":"BreadcrumbList","@id":"https:\/\/elhornodezabalea.com\/servicios\/#breadcrumb","itemListElement":[{"@type":"ListItem","position":1,"name":"Portada","item":"https:\/\/elhornodezabalea.com\/"},{"@type":"ListItem","position":2,"name":"Servicios"}]},{"@type":"WebSite","@id":"https:\/\/elhornodezabalea.com\/#website","url":"https:\/\/elhornodezabalea.com\/","name":"Zabaleako labeara","description":"","publisher":{"@id":"https:\/\/elhornodezabalea.com\/#organization"},"potentialAction":[{"@type":"SearchAction","target":{"@type":"EntryPoint","urlTemplate":"https:\/\/elhornodezabalea.com\/?s={search_term_string}"},"query-input":{"@type":"PropertyValueSpecification","valueRequired":true,"valueName":"search_term_string"}}],"inLanguage":"eu"},{"@type":"Organization","@id":"https:\/\/elhornodezabalea.com\/#organization","name":"Zabaleako labeara","url":"https:\/\/elhornodezabalea.com\/","logo":{"@type":"ImageObject","inLanguage":"eu","@id":"https:\/\/elhornodezabalea.com\/#\/schema\/logo\/image\/","url":"https:\/\/elhornodezabalea.com\/wp-content\/uploads\/2024\/06\/cropped-logo-removebg-preview-1.png","contentUrl":"https:\/\/elhornodezabalea.com\/wp-content\/uploads\/2024\/06\/cropped-logo-removebg-preview-1.png","width":532,"height":332,"caption":"El Horno de Zabalea"},"image":{"@id":"https:\/\/elhornodezabalea.com\/#\/schema\/logo\/image\/"}}]}},"_links":{"self":[{"href":"https:\/\/elhornodezabalea.com\/eus\/wp-json\/wp\/v2\/pages\/12","targetHints":{"allow":["GET"]}}],"collection":[{"href":"https:\/\/elhornodezabalea.com\/eus\/wp-json\/wp\/v2\/pages"}],"about":[{"href":"https:\/\/elhornodezabalea.com\/eus\/wp-json\/wp\/v2\/types\/page"}],"author":[{"embeddable":true,"href":"https:\/\/elhornodezabalea.com\/eus\/wp-json\/wp\/v2\/users\/1"}],"replies":[{"embeddable":true,"href":"https:\/\/elhornodezabalea.com\/eus\/wp-json\/wp\/v2\/comments?post=12"}],"version-history":[{"count":196,"href":"https:\/\/elhornodezabalea.com\/eus\/wp-json\/wp\/v2\/pages\/12\/revisions"}],"predecessor-version":[{"id":2344,"href":"https:\/\/elhornodezabalea.com\/eus\/wp-json\/wp\/v2\/pages\/12\/revisions\/2344"}],"wp:attachment":[{"href":"https:\/\/elhornodezabalea.com\/eus\/wp-json\/wp\/v2\/media?parent=12"}],"curies":[{"name":"wp","href":"https:\/\/api.w.org\/{rel}","templated":true}]}}